j**5/60 - 7*j**4/24 + 7*j**3/6 - 36*j**2. Calculate b(x).
-1
Let m = -4 + 6. Suppose -8 = w - u, -w + m*w = -u. Let d(b) = 10*b + b**3 - 3*b + 9*b + 5*b**2 - 4 - 10*b - 2*b. What is d(w)?
-4
Let p(z) = z**2 - 8*z + 5. Let i = 228 + -224. Give p(i).
-11
Let u(f) = 2*f + 15. Let v = -82 + 75. What is u(v)?
1
Let u(f) = f**3 + 5*f**2 + 5*f + 6. Suppose -5*v - 5*a - 40 = 0, -2*v - 3*a - 8 = -3*v. What is u(v)?
2
Let k(j) = j**2 + 3 + 0*j + 0 + 2*j. Suppose 28 = 18*b - 14*b. Suppose -b*p - m - 11 = -4*p, 15 = -5*p - m. Calculate k(p).
3
Let w be (-11)/(-3) - 4/6. Suppose -2*s - 3 = w. Let v(m) = 3*m**2 + 4*m**2 + 5*m + 3 - 6*m**2 + 13*m - 14*m. Calculate v(s).
0
Let f(j) = -17*j**2 - 48*j - 3. Let g(k) = -12*k**2 - 33*k - 1. Let d(o) = 5*f(o) - 7*g(o). Suppose -v + 31 = -5*q, -2*q - 41 = q + 5*v. What is d(q)?
6
Let n = 596 - 593. Let p(w) = w. What is p(n)?
3
Let p(b) = b - 5. Let s be p(4). Let q(c) be the second derivative of -4 + 1/2*c**4 + 0*c**3 + 6*c + 0*c**2. Calculate q(s).
6
Suppose 0 = 5*f + 3*t - 37, -4*f = -0*t - 4*t - 4. Let c(a) = a**2 - 6*a. Calculate c(f).
-5
Let q(i) = -5*i + 1. Let o(g) = 4*g - 44. Let b(y) = y - 11. Let r(m) = 9*b(m) - 2*o(m). Let t be r(10). Calculate q(t).
6
Let z(m) = -8*m**3 - 6*m**2 - 12*m - 11. Let f(j) = 11*j**3 + 6*j**2 + 11*j + 11. Let y(q) = 3*f(q) + 4*z(q). Calculate y(8).
-3
Let p(y) = y + 12. Let j(m) = m**2 - 18. Let q be j(-4). Let t be 0 + 2 + q*1. Give p(t).
12
Let p(v) be the third derivative of -v**5/60 + v**4/3 - v**3/6 - v**2 + 4*v. Calculate p(6).
11
Let f be (-2964)/507 + (-4)/26. Let q(k) = -k**3 - 5*k**2 + 3*k - 1. Determine q(f).
17
Let b(a) = -3 + 0 + 2 - 2*a - 3 + 3. Suppose -3*d + 4 = d. What is b(d)?
-3
Let l(w) = w**3 - 8*w**2 + 8*w + 10. Let t be l(6). Let u = -14 - t. Let v(f) = f - 13. What is v(u)?
-13
Let w(y) be the third derivative of y**5/60 + 7*y**4/24 + y**3/6 - 16*y**2. What is w(-7)?
1
Suppose -33*g + 21 + 45 = 0. Let l(k) = 3*k**2 - 6*k. Give l(g).
0
Suppose 10*s - 6*s - 20 = -4*n, s = -4. Let f(q) = 3 + q**2 - n*q + 1 + 5*q. Calculate f(3).
1
Let l = 21 + -18. Let x be (3*l/(-3))/(-1). Let h(p) = -7*p**2 - 2*p + 1 + 5*p + 2*p + p**x + 7. Give h(6).
2
Let g(d) = -d**2 - 4*d - 3. Let k(y) = 3*y - 16. Let a be k(6). Suppose 3 = -4*s + a*n - 1, -n - 19 = 5*s. Determine g(s).
0
Suppose 3*w - 1 = 2*w. Let n be (3 - w)/(4 - 5). Let p be 3/n*(-10)/3. Let c(b) = b + 1. Give c(p).
6
Let v(z) be the third derivative of -z**4/12 - 4*z**3 - 229*z**2. What is v(-13)?
2
Let c(h) = h**3 + 4*h**2 - 6*h - 6. Let v be 10*(-8)/32*2. What is c(v)?
-1
Let h(v) = -17 + 2*v + 39 - 20. What is h(6)?
14
Let a = 1 - 6. Let u(g) = -26745*g**2 + 2*g + 13367*g**2 + 13373*g**2 - g**3 + 3. Give u(a).
-7
Let t be (40/30)/((-4)/(-6)). Let s(q) = 11 - 15 - 4*q + t. Determine s(4).
-18
Let y(u) = u**2 + 6*u + 3. Let g(z) = 2*z + 16. Let k be g(-7). Suppose k*v - 10 = 4*v. Determine y(v).
-2
Let x(d) = d + 2*d - 5*d. Suppose 0 = 4*r + 5 - 1, -45 = -4*t + r. Suppose -t*f = -13*f - 6. Calculate x(f).
6
Let w(s) = -s + 2 + 0 + 0*s. Let z(a) = -10 + 2*a + 6 + 19 - a. Let f be z(-11). Give w(f).
-2
Let l(f) = 10*f**3 - 10*f**2 + 7*f + 3. Let p(t) = 27*t**3 - 29*t**2 + 20*t + 8. Let s(v) = 8*l(v) - 3*p(v). Determine s(6).
12
Let n(o) = o**2 + 11*o + 13. Let i(a) = -a**2 - 12*a - 12. Let p(r) = -4*i(r) - 3*n(r). Let z be p(-14). Let w(f) = 3*f + 1. What is w(z)?
-14
Suppose z + 3 = -2*z. Let g(f) = -f + 1. Let o(v) = -5*v + 4. Let k(u) = z*o(u) + 4*g(u). Calculate k(2).
2
Let h(o) = -o - 1. Suppose 19*j - 22*j = -21. Determine h(j).
-8
Let s = 32 + -27. Suppose 3*u + 3 = x - 2, s = 5*x - 5*u. Let r(j) = -6*j. Give r(x).
6
Let p(x) = -x**3 + x**2 + x + 5. Let a(o) = o - 6. Let w(i) = -3*i + 19. Let j(n) = -7*a(n) - 2*w(n). Let m be j(15). Let r = m + 11. Calculate p(r).
5
Suppose -x = v + 2*v, 0 = 4*x - v. Let a(w) be the third derivative of 0 + 1/3*w**3 + x*w + 8*w**2 - 1/60*w**5 + 1/12*w**4. Determine a(3).
-1
Let p(l) = l**3 - 11*l**2 - 11*l + 5. Let r be 8/(-10)*-25 - 8. Calculate p(r).
17
Let a(k) be the third derivative of k**5/30 - k**4/24 + k**3/6 + 173*k**2. Determine a(2).
7
Let a(p) = p**3 + 2*p**2 - 7*p - 3. Let g be (412/(-34) - -9) + (-4)/(-34). What is a(g)?
9
Suppose -b - 3*b = 2*n - 116, -5*b = -2*n + 80. Let r(w) = -28*w - 28*w + n*w. Calculate r(2).
-12
Suppose -6 - 3 = -3*k - 5*m, -3*m = 0. Suppose -11 = -5*n - 4*u, -2*n + k*u + 10 = 1. Let i(r) = -r - 8*r**2 + 1 + 0*r**2 + 7*r**2 - 6*r**n. Give i(1).
-7
Let r(m) = 2*m - 1. Let c(q) = -q. Let j(o) = 5*o + 5. Let d(f) = -4*c(f) - j(f). Let n be d(-5). Let g = n + -3. Calculate r(g).
-7
Let q(g) = -61*g - 3233. Let s be q(-53). Let i(c) = 7*c + 17. Let b(x) = -4*x - 8. Let r(j) = -5*b(j) - 3*i(j). Calculate r(s).
-11
Let d = 42 + -2. Let f(r) = 10 + 41*r - d*r + 1. Determine f(-6).
5
Let f(l) = -l**3 - 5*l**2 + 9*l + 15. Let n(o) = o**3 + 5*o**2 + 7*o - 3. Let p be n(-3). Determine f(p).
-3
Let u(a) = a**2 - 24*a + 52. Let f be u(22). Let j(y) = -21 - y**2 - 2*y + 3*y + 6*y**3 - f*y**3 + 22. Give j(-1).
1
Let k(y) = -y**2 + 1. Suppose r + 17 = 4*r - 5*j, r - j - 5 = 0. Suppose 4*a = -4*t + 4 + 16, -a = -r. Calculate k(t).
0
Let j(a) = -a + 1. Let o be (3 - (-22)/(-10))/((-4)/(-10)). Let t be 2/o*1/(-1). Give j(t).
2
Let a(y) = -y**3 + y**2. Let w(t) = -7*t**3 + 12*t**2 + 7*t + 9. Let n(o) = -6*a(o) + w(o). Give n(7).
9
Let j(i) be the second derivative of i**3/3 - 10*i**2 - i - 77. Determine j(14).
8
Let w(n) be the third derivative of n**6/360 + 3*n**5/40 + 11*n**4/24 + 47*n**3/6 - 5*n**2 - 4. Let p(q) be the first derivative of w(q). Determine p(-8).
3
Let p(j) = j**3 - 2*j**2 - 3*j - 1. Suppose -2*m = -3*h - 30, -2*h + 70 = 4*m - 3*h. Suppose m*q = 16*q + 2. Let y be ((-15)/6 + q)*-2. What is p(y)?
-1
Let t(i) = -i**2 - 2*i + 2. Suppose -53 + 13 = 10*j. Determine t(j).
-6
Let z(w) = -4*w - 4. Suppose 5*r + 0*r = -3*n + 13, -5*n = -3*r + 1. Suppose -4*a = c + 4*c - 36, r*a = -c + 12. Give z(c).
-20
Let u(c) = 6*c**3 - 7*c + 2*c + 0 - 3 - 5*c**2 - 5*c**3. Let q be -1 - ((-3)/3 + -15). Let r = q - 9. Determine u(r).
3
Let f(q) = -129*q - 645. Let v be f(-5). Let j(k) = -k**2 - 39. Calculate j(v).
-39
Let g(l) be the third derivative of 4*l**5/15 + l**3/6 - 112*l**2. Give g(1).
17
Let n(p) be the second derivative of p**6/24 - p**5/30 - p**4/24 + p**2/2 + 11*p. Let k(d) be the first derivative of n(d). Let b = -3 - -2. Give k(b).
-6
Let a(l) = -5*l**3 + 2 - 3*l**2 + l**3 + 6*l**3. Suppose -w - 9 = -2*w + 3*v, 2*v = 6. Suppose 0 = -2*r + 3*r - 4*o - w, -2*r + 16 = -3*o. Calculate a(r).
6
Let x(k) be the first derivative of k**2/2 + 6*k + 11. Let p(s) = s + 5. Let c(f) = 4*p(f) - 3*x(f). Determine c(-4).
-2
Let n(h) be the first derivative of 7*h**3 - h - 134. Determine n(1).
20
Let q(d) = d**3 - 3*d**2 - 4*d + 2. Let f(a) = -a**3 - a - 3. Let b be f(0). Suppose 4*w + 15 = -65. Let o be (24/w)/(b/10). Give q(o).
2
Suppose 5*z = -a + 25, -13 = -3*z + 5*a + 2. Let t(o) = -4*o + 24. Give t(z).
4
Let v(b) = -b + 4*b + 4 - b. Suppose -22*r - 12 = -25*r. What is v(r)?
12
Let y(g) = g + 2. Let x = -33 + 13. Let a be (-27)/(-18)*x/(-3). Suppose -a*v + 18 = -7*v. Give y(v).
8
Let f(n) be the first derivative of -n**4/12 - 4*n**3/3 - 3*n**2 - 5*n - 4. Let u(j) be the first derivative of f(j). Let h = 11 - 17. What is u(h)?
6
Suppose 2*x + x - 27 = 0. Let p be (0*(-1)/2)/2. Suppose -5*h + 15 = 0, -5*d + p*d = -2*h - x. Let s(o) = o**2 + 2*o - 3. Determine s(d).
12
Let z(k) = 0*k + k + 156 - 153. What is z(10)?
13
Let d(r) = -5*r - 6 - 5*r + r**2 + r + 11*r. Let l be d(-6). Let i(x) = -19*x**3 + l*x**3 - 2 - 2*x**2 + 3*x - 2*x**2. Give i(-3).
-20
Let s(d) = -d**2 - 28*d - 96. Let m be s(-24). Let r(g) = g**3 + 2*g + 6. Give r(m).
6
Let g(o) be the second derivative of -1/2*o**3 + 0 + 11*o - 3/2*o**2. Let f(c) = c**3 + 7*c**2 + 6*c - 2. Let w be f(-6). Give g(w).
3
Let o(b) = -b**3 - b**2 - 2*b - 8. Let i(r) = 2*r + 0*r + 28 - 19 + r**3. Let s(n) = 5*i(n) + 6*o(n). Calculate s(-6).
9
Let q be (-10)/35 - 48/28. Let b(x) be the second derivative of 2*x**3/3 + x**2/2 + 3*x. Calculate b(q).
-7
Let r(b) = -299 + 3*b + 301 - 7*b + 2*b**2. Determine r(2).
2
Let o(k) be the second derivative of k**4/6 - 2*k**3/3 + 3*k**2/2 + 2*k + 338. Calculate o(2).
3
Let g = -